{"id":1835,"date":"2025-06-05T16:33:39","date_gmt":"2025-06-05T16:33:39","guid":{"rendered":"https:\/\/startfitclub.com\/?post_type=product&#038;p=1835"},"modified":"2025-06-05T20:44:38","modified_gmt":"2025-06-05T20:44:38","slug":"combo-snacks","status":"publish","type":"product","link":"https:\/\/startfitclub.com\/index.php\/product\/combo-snacks\/","title":{"rendered":"Combo sin culpa"},"content":{"rendered":"<div>Es la combinaci\u00f3n perfecta para quienes aman los snacks deliciosos pero no est\u00e1n dispuestos a romper con su estilo de vida saludable.<\/div>\n<div><\/div>\n<div>Incluye una mezcla potente de sabor y funcionalidad: desde queques de prote\u00edna y una bebida chocolatosa sin az\u00facar, hasta una barra proteica y mezcla para preparar tus pancakes fit. Todo sin az\u00facar a\u00f1adida y un alto perfil nutricional.<\/div>\n<div><\/div>\n<div>Es perfecto para esos momentos de antojo donde quieres darte un gusto\u2026 pero con prop\u00f3sito.<\/div>\n<div><\/div>\n<div><strong>Beneficios clave:<\/strong><\/div>\n<div>\u2714 Snacks ricos en prote\u00edna y sin az\u00facar a\u00f1adida<\/div>\n<div>\u2714 Ideales para controlar antojos sin sabotear tu progreso<\/div>\n<div>\u2714 Edulcorados de forma inteligente, sin excesos<\/div>\n<div>\u2714 Aportan energ\u00eda limpia y saciedad<\/div>\n<div>\u2714 Perfecto para el post-entreno, meriendas o momentos dulces sin culpa<\/div>\n","protected":false},"excerpt":{"rendered":"<div>SIN CULPA<\/div>\n<div><\/div>\n<div><span style=\"font-size: 1rem;\">Incluye:<\/span><\/div>\n<div>\n<div>\u2022 1 mezcla para pancake saludable<\/div>\n<div>\u2022 1 queque de prote\u00edna StartFit<\/div>\n<div>\u2022 1 bebida chocolatosa proteica (sin az\u00facar)<\/div>\n<div>\u2022 1 barra de prote\u00edna<\/div>\n<div><\/div>\n<\/div>\n","protected":false},"featured_media":1675,"comment_status":"open","ping_status":"closed","template":"","meta":{"_uag_custom_page_level_css":"","_monsterinsights_skip_tracking":false,"_monsterinsights_sitenote_active":false,"_monsterinsights_sitenote_note":"","_monsterinsights_sitenote_category":0,"_joinchat":[]},"product_brand":[],"product_cat":[49,50],"product_tag":[],"giftcard-category":[],"class_list":{"0":"post-1835","1":"product","2":"type-product","3":"status-publish","4":"has-post-thumbnail","6":"product_cat-combos","7":"product_cat-ofertas","9":"first","10":"instock","11":"sale","12":"taxable","13":"shipping-taxable","14":"purchasable","15":"product-type-simple"},"aioseo_notices":[],"uagb_featured_image_src":{"full":["https:\/\/startfitclub.com\/wp-content\/uploads\/2025\/05\/6-1.jpg",1080,1080,false],"thumbnail":["https:\/\/startfitclub.com\/wp-content\/uploads\/2025\/05\/6-1-150x150.jpg",150,150,true],"medium":["https:\/\/startfitclub.com\/wp-content\/uploads\/2025\/05\/6-1-300x300.jpg",300,300,true],"medium_large":["https:\/\/startfitclub.com\/wp-content\/uploads\/2025\/05\/6-1-768x768.jpg",768,768,true],"large":["https:\/\/startfitclub.com\/wp-content\/uploads\/2025\/05\/6-1-1024x1024.jpg",1024,1024,true],"1536x1536":["https:\/\/startfitclub.com\/wp-content\/uploads\/2025\/05\/6-1.jpg",1080,1080,false],"2048x2048":["https:\/\/startfitclub.com\/wp-content\/uploads\/2025\/05\/6-1.jpg",1080,1080,false],"woocommerce_thumbnail":["https:\/\/startfitclub.com\/wp-content\/uploads\/2025\/05\/6-1-300x300.jpg",300,300,true],"woocommerce_single":["https:\/\/startfitclub.com\/wp-content\/uploads\/2025\/05\/6-1-600x600.jpg",600,600,true],"woocommerce_gallery_thumbnail":["https:\/\/startfitclub.com\/wp-content\/uploads\/2025\/05\/6-1-100x100.jpg",100,100,true],"variation_swatches_image_size":["https:\/\/startfitclub.com\/wp-content\/uploads\/2025\/05\/6-1-50x50.jpg",50,50,true],"variation_swatches_tooltip_size":["https:\/\/startfitclub.com\/wp-content\/uploads\/2025\/05\/6-1-100x100.jpg",100,100,true]},"uagb_author_info":{"display_name":"Polos Company","author_link":"https:\/\/startfitclub.com\/index.php\/author\/"},"uagb_comment_info":0,"uagb_excerpt":"SIN CULPA Incluye: \u2022 1 mezcla para pancake saludable \u2022 1 queque de prote\u00edna StartFit \u2022 1 bebida chocolatosa proteica (sin az\u00facar) \u2022 1 barra de prote\u00edna","_links":{"self":[{"href":"https:\/\/startfitclub.com\/index.php\/wp-json\/wp\/v2\/product\/1835","targetHints":{"allow":["GET"]}}],"collection":[{"href":"https:\/\/startfitclub.com\/index.php\/wp-json\/wp\/v2\/product"}],"about":[{"href":"https:\/\/startfitclub.com\/index.php\/wp-json\/wp\/v2\/types\/product"}],"replies":[{"embeddable":true,"href":"https:\/\/startfitclub.com\/index.php\/wp-json\/wp\/v2\/comments?post=1835"}],"wp:featuredmedia":[{"embeddable":true,"href":"https:\/\/startfitclub.com\/index.php\/wp-json\/wp\/v2\/media\/1675"}],"wp:attachment":[{"href":"https:\/\/startfitclub.com\/index.php\/wp-json\/wp\/v2\/media?parent=1835"}],"wp:term":[{"taxonomy":"product_brand","embeddable":true,"href":"https:\/\/startfitclub.com\/index.php\/wp-json\/wp\/v2\/product_brand?post=1835"},{"taxonomy":"product_cat","embeddable":true,"href":"https:\/\/startfitclub.com\/index.php\/wp-json\/wp\/v2\/product_cat?post=1835"},{"taxonomy":"product_tag","embeddable":true,"href":"https:\/\/startfitclub.com\/index.php\/wp-json\/wp\/v2\/product_tag?post=1835"},{"taxonomy":"giftcard-category","embeddable":true,"href":"https:\/\/startfitclub.com\/index.php\/wp-json\/wp\/v2\/giftcard-category?post=1835"}],"curies":[{"name":"wp","href":"https:\/\/api.w.org\/{rel}","templated":true}]}}