{"id":2017,"date":"2025-07-15T03:21:42","date_gmt":"2025-07-15T03:21:42","guid":{"rendered":"https:\/\/startfitclub.com\/?post_type=product&#038;p=2017"},"modified":"2025-09-02T18:44:36","modified_gmt":"2025-09-02T18:44:36","slug":"guia-y-recetario-saludable","status":"publish","type":"product","link":"https:\/\/startfitclub.com\/index.php\/product\/guia-y-recetario-saludable\/","title":{"rendered":"Gu\u00eda nutricional para transformar tu cuerpo comiendo rico y saludable"},"content":{"rendered":"<p>\u00bfEst\u00e1s cansada de no saber qu\u00e9 comer, de seguir dietas que no funcionan y de no ver resultados en tu cuerpo?<\/p>\n<p>La mayor\u00eda de personas no necesita otra dieta. Necesita aprender a comer con inteligencia, estrategia y prop\u00f3sito.<\/p>\n<p>Est\u00e1 gu\u00eda no es una dieta m\u00e1s: es la gu\u00eda definitiva para transformar tu alimentaci\u00f3n, tu cuerpo y tu mente desde el conocimiento. Aqu\u00ed aprender\u00e1s a entender tu cuerpo, comer conforme a tu objetivo (ya sea bajar de peso, mantenerte o ganar masa muscular) y, sobre todo, a mantener resultados sin matarte de hambre.<\/p>\n<p>\ud83c\udf7d M\u00e1s de 40 recetas saludables con las calor\u00edas y macronutrientes listos (\u00a1no tienes que contar nada!).<\/p>\n<p>\ud83d\udcda Explicaciones claras y sencillas sobre c\u00f3mo funciona tu cuerpo, qu\u00e9 alimentos te ayudan a transformarlo y c\u00f3mo hacer elecciones m\u00e1s conscientes.<\/p>\n<p>\ud83e\udde0 Incluye:<br \/>\n\u2705 F\u00f3rmulas para calcular tu requerimiento cal\u00f3rico<br \/>\n\u2705 C\u00f3mo leer etiquetas nutricionales (\u00a1para que no te enga\u00f1en!)<br \/>\n\u2705 C\u00f3mo armar un plato balanceado para cualquier objetivo<br \/>\n\u2705 Lista de mercado saludable por grupos de alimentos<br \/>\n\u2705 Gu\u00eda completa de macronutrientes, bebidas, marinados, h\u00e1bitos clave, y mucho m\u00e1s<\/p>\n<p>\ud83d\udd25 Este no es un PDF cualquiera. Es el manual que hubieras querido tener desde el principio.<\/p>\n<p>Si quieres dejar atr\u00e1s la confusi\u00f3n, los extremos y empezar a ver resultados reales\u2026<\/p>\n<p>Esta gu\u00eda es para ti.<\/p>\n<p>\ud83d\uded2 Desc\u00e1rgala hoy y empieza a comer para transformar tu cuerpo\u00a0de\u00a0verdad.<\/p>\n","protected":false},"excerpt":{"rendered":"<p>\ud83e\udde0 Incluye:<br \/>\n\u2705 F\u00f3rmulas para calcular tu requerimiento cal\u00f3rico<br \/>\n\u2705 C\u00f3mo leer etiquetas nutricionales (\u00a1para que no te enga\u00f1en!)<br \/>\n\u2705 C\u00f3mo armar un plato balanceado para cualquier objetivo<br \/>\n\u2705 Lista de mercado saludable por grupos de alimentos<br \/>\n\u2705 Gu\u00eda completa de macronutrientes, bebidas, marinados, h\u00e1bitos clave, y mucho m\u00e1s<\/p>\n","protected":false},"featured_media":2077,"comment_status":"open","ping_status":"closed","template":"","meta":{"_uag_custom_page_level_css":"","_monsterinsights_skip_tracking":false,"_monsterinsights_sitenote_active":false,"_monsterinsights_sitenote_note":"","_monsterinsights_sitenote_category":0,"_joinchat":[]},"product_brand":[],"product_cat":[15],"product_tag":[],"giftcard-category":[],"class_list":{"0":"post-2017","1":"product","2":"type-product","3":"status-publish","4":"has-post-thumbnail","6":"product_cat-uncategorized","8":"first","9":"instock","10":"sale","11":"downloadable","12":"virtual","13":"purchasable","14":"product-type-simple"},"aioseo_notices":[],"uagb_featured_image_src":{"full":["https:\/\/startfitclub.com\/wp-content\/uploads\/2025\/07\/asdfsfs.png",3375,3375,false],"thumbnail":["https:\/\/startfitclub.com\/wp-content\/uploads\/2025\/07\/asdfsfs-150x150.png",150,150,true],"medium":["https:\/\/startfitclub.com\/wp-content\/uploads\/2025\/07\/asdfsfs-300x300.png",300,300,true],"medium_large":["https:\/\/startfitclub.com\/wp-content\/uploads\/2025\/07\/asdfsfs-768x768.png",768,768,true],"large":["https:\/\/startfitclub.com\/wp-content\/uploads\/2025\/07\/asdfsfs-1024x1024.png",1024,1024,true],"1536x1536":["https:\/\/startfitclub.com\/wp-content\/uploads\/2025\/07\/asdfsfs-1536x1536.png",1536,1536,true],"2048x2048":["https:\/\/startfitclub.com\/wp-content\/uploads\/2025\/07\/asdfsfs-2048x2048.png",2048,2048,true],"woocommerce_thumbnail":["https:\/\/startfitclub.com\/wp-content\/uploads\/2025\/07\/asdfsfs-300x300.png",300,300,true],"woocommerce_single":["https:\/\/startfitclub.com\/wp-content\/uploads\/2025\/07\/asdfsfs-600x600.png",600,600,true],"woocommerce_gallery_thumbnail":["https:\/\/startfitclub.com\/wp-content\/uploads\/2025\/07\/asdfsfs-100x100.png",100,100,true],"variation_swatches_image_size":["https:\/\/startfitclub.com\/wp-content\/uploads\/2025\/07\/asdfsfs-50x50.png",50,50,true],"variation_swatches_tooltip_size":["https:\/\/startfitclub.com\/wp-content\/uploads\/2025\/07\/asdfsfs-100x100.png",100,100,true]},"uagb_author_info":{"display_name":"Polos Company","author_link":"https:\/\/startfitclub.com\/index.php\/author\/"},"uagb_comment_info":0,"uagb_excerpt":"\ud83e\udde0 Incluye: \u2705 F\u00f3rmulas para calcular tu requerimiento cal\u00f3rico \u2705 C\u00f3mo leer etiquetas nutricionales (\u00a1para que no te enga\u00f1en!) \u2705 C\u00f3mo armar un plato balanceado para cualquier objetivo \u2705 Lista de mercado saludable por grupos de alimentos \u2705 Gu\u00eda completa de macronutrientes, bebidas, marinados, h\u00e1bitos clave, y mucho m\u00e1s","_links":{"self":[{"href":"https:\/\/startfitclub.com\/index.php\/wp-json\/wp\/v2\/product\/2017","targetHints":{"allow":["GET"]}}],"collection":[{"href":"https:\/\/startfitclub.com\/index.php\/wp-json\/wp\/v2\/product"}],"about":[{"href":"https:\/\/startfitclub.com\/index.php\/wp-json\/wp\/v2\/types\/product"}],"replies":[{"embeddable":true,"href":"https:\/\/startfitclub.com\/index.php\/wp-json\/wp\/v2\/comments?post=2017"}],"wp:featuredmedia":[{"embeddable":true,"href":"https:\/\/startfitclub.com\/index.php\/wp-json\/wp\/v2\/media\/2077"}],"wp:attachment":[{"href":"https:\/\/startfitclub.com\/index.php\/wp-json\/wp\/v2\/media?parent=2017"}],"wp:term":[{"taxonomy":"product_brand","embeddable":true,"href":"https:\/\/startfitclub.com\/index.php\/wp-json\/wp\/v2\/product_brand?post=2017"},{"taxonomy":"product_cat","embeddable":true,"href":"https:\/\/startfitclub.com\/index.php\/wp-json\/wp\/v2\/product_cat?post=2017"},{"taxonomy":"product_tag","embeddable":true,"href":"https:\/\/startfitclub.com\/index.php\/wp-json\/wp\/v2\/product_tag?post=2017"},{"taxonomy":"giftcard-category","embeddable":true,"href":"https:\/\/startfitclub.com\/index.php\/wp-json\/wp\/v2\/giftcard-category?post=2017"}],"curies":[{"name":"wp","href":"https:\/\/api.w.org\/{rel}","templated":true}]}}