{"id":594,"date":"2025-02-13T06:21:48","date_gmt":"2025-02-13T06:21:48","guid":{"rendered":"https:\/\/startfitclub.com\/?post_type=product&#038;p=594"},"modified":"2025-07-17T03:48:26","modified_gmt":"2025-07-17T03:48:26","slug":"one-pack-purebulk-60-cp","status":"publish","type":"product","link":"https:\/\/startfitclub.com\/index.php\/product\/one-pack-purebulk-60-cp\/","title":{"rendered":"Vitamina C + Zinc &#8211; 60 Caps"},"content":{"rendered":"","protected":false},"excerpt":{"rendered":"<p>Vitamina C + Zinc &#8211; 60 Capsulas<\/p>\n<p>La vitamina C, tambi\u00e9n conocida como \u00e1cido asc\u00f3rbico, es un nutriente esencial para el cuerpo humano, que act\u00faa como antioxidante y es fundamental para diversas funciones vitales como la formaci\u00f3n de col\u00e1geno, la absorci\u00f3n de hierro y el fortalecimiento del sistema inmunol\u00f3gico. El zinc es un mineral esencial para la salud humana, involucrado en numerosas funciones vitales del cuerpo. Es necesario para el funcionamiento del sistema inmunol\u00f3gico, la cicatrizaci\u00f3n de heridas, la s\u00edntesis de ADN y prote\u00ednas, y el crecimiento y desarrollo. Tambi\u00e9n juega un papel importante en el sentido del gusto y el olfato, y es crucial durante el embarazo, la lactancia y la ni\u00f1ez.<\/p>\n","protected":false},"featured_media":1280,"comment_status":"open","ping_status":"closed","template":"","meta":{"_uag_custom_page_level_css":"","_monsterinsights_skip_tracking":false,"_monsterinsights_sitenote_active":false,"_monsterinsights_sitenote_note":"","_monsterinsights_sitenote_category":0,"_joinchat":[]},"product_brand":[],"product_cat":[27,15],"product_tag":[],"giftcard-category":[],"class_list":{"0":"post-594","1":"product","2":"type-product","3":"status-publish","4":"has-post-thumbnail","6":"product_cat-salud-y-bienestar","7":"product_cat-uncategorized","9":"first","10":"instock","11":"taxable","12":"shipping-taxable","13":"purchasable","14":"product-type-simple"},"aioseo_notices":[],"uagb_featured_image_src":{"full":["https:\/\/startfitclub.com\/wp-content\/uploads\/2025\/04\/One-pack.png",1000,1000,false],"thumbnail":["https:\/\/startfitclub.com\/wp-content\/uploads\/2025\/04\/One-pack-150x150.png",150,150,true],"medium":["https:\/\/startfitclub.com\/wp-content\/uploads\/2025\/04\/One-pack-300x300.png",300,300,true],"medium_large":["https:\/\/startfitclub.com\/wp-content\/uploads\/2025\/04\/One-pack-768x768.png",768,768,true],"large":["https:\/\/startfitclub.com\/wp-content\/uploads\/2025\/04\/One-pack.png",1000,1000,false],"1536x1536":["https:\/\/startfitclub.com\/wp-content\/uploads\/2025\/04\/One-pack.png",1000,1000,false],"2048x2048":["https:\/\/startfitclub.com\/wp-content\/uploads\/2025\/04\/One-pack.png",1000,1000,false],"woocommerce_thumbnail":["https:\/\/startfitclub.com\/wp-content\/uploads\/2025\/04\/One-pack-300x300.png",300,300,true],"woocommerce_single":["https:\/\/startfitclub.com\/wp-content\/uploads\/2025\/04\/One-pack-600x600.png",600,600,true],"woocommerce_gallery_thumbnail":["https:\/\/startfitclub.com\/wp-content\/uploads\/2025\/04\/One-pack-100x100.png",100,100,true],"variation_swatches_image_size":["https:\/\/startfitclub.com\/wp-content\/uploads\/2025\/04\/One-pack-50x50.png",50,50,true],"variation_swatches_tooltip_size":["https:\/\/startfitclub.com\/wp-content\/uploads\/2025\/04\/One-pack-100x100.png",100,100,true]},"uagb_author_info":{"display_name":"Polos Company","author_link":"https:\/\/startfitclub.com\/index.php\/author\/"},"uagb_comment_info":0,"uagb_excerpt":"Vitamina C + Zinc - 60 Capsulas La vitamina C, tambi\u00e9n conocida como \u00e1cido asc\u00f3rbico, es un nutriente esencial para el cuerpo humano, que act\u00faa como antioxidante y es fundamental para diversas funciones vitales como la formaci\u00f3n de col\u00e1geno, la absorci\u00f3n de hierro y el fortalecimiento del sistema inmunol\u00f3gico. El zinc es un mineral esencial&hellip;","_links":{"self":[{"href":"https:\/\/startfitclub.com\/index.php\/wp-json\/wp\/v2\/product\/594","targetHints":{"allow":["GET"]}}],"collection":[{"href":"https:\/\/startfitclub.com\/index.php\/wp-json\/wp\/v2\/product"}],"about":[{"href":"https:\/\/startfitclub.com\/index.php\/wp-json\/wp\/v2\/types\/product"}],"replies":[{"embeddable":true,"href":"https:\/\/startfitclub.com\/index.php\/wp-json\/wp\/v2\/comments?post=594"}],"wp:featuredmedia":[{"embeddable":true,"href":"https:\/\/startfitclub.com\/index.php\/wp-json\/wp\/v2\/media\/1280"}],"wp:attachment":[{"href":"https:\/\/startfitclub.com\/index.php\/wp-json\/wp\/v2\/media?parent=594"}],"wp:term":[{"taxonomy":"product_brand","embeddable":true,"href":"https:\/\/startfitclub.com\/index.php\/wp-json\/wp\/v2\/product_brand?post=594"},{"taxonomy":"product_cat","embeddable":true,"href":"https:\/\/startfitclub.com\/index.php\/wp-json\/wp\/v2\/product_cat?post=594"},{"taxonomy":"product_tag","embeddable":true,"href":"https:\/\/startfitclub.com\/index.php\/wp-json\/wp\/v2\/product_tag?post=594"},{"taxonomy":"giftcard-category","embeddable":true,"href":"https:\/\/startfitclub.com\/index.php\/wp-json\/wp\/v2\/giftcard-category?post=594"}],"curies":[{"name":"wp","href":"https:\/\/api.w.org\/{rel}","templated":true}]}}